{"id":671,"date":"2017-07-20T14:46:25","date_gmt":"2017-07-20T12:46:25","guid":{"rendered":"http:\/\/www.hellasguard.gr\/?page_id=671"},"modified":"2017-07-24T08:34:08","modified_gmt":"2017-07-24T06:34:08","slug":"esim4-battery-powered-gsm-intrusion-control-panel","status":"publish","type":"page","link":"https:\/\/www.hellasguard.gr\/?page_id=671","title":{"rendered":"ESIM4 &#8211; battery powered GSM intrusion control panel"},"content":{"rendered":"<div id=\"hero\" class=\"vc_row wpb_row vc_row-fluid fullwidth-row\">\n<div class=\"wpb_column vc_column_container vc_col-sm-12\">\n<div class=\"vc_column-inner \">\n<div class=\"wpb_wrapper\">\n<div class=\"vc_row wpb_row vc_inner vc_row-fluid\">\n<div class=\"wpb_column vc_column_container vc_col-sm-12\">\n<div class=\"vc_column-inner \">\n<div class=\"wpb_wrapper\">\n<div class=\"wpb_text_column wpb_content_element \">\n<div class=\"wpb_wrapper\">\n<h1><strong>Battery powered GSM intrusion control panel ESIM4<\/strong><\/h1>\n<h1>\u00a0<a href=\"http:\/\/www.hellasguard.gr\/wp-content\/uploads\/2017\/07\/eldesalarms_com_product_esim4-1.pdf\">eldesalarms_com_product_esim4 (1)<\/a><\/h1>\n<p>Perfect for those places where power is an issue<\/p>\n<\/div>\n<\/div>\n<div class=\"vc_empty_space\"><\/div>\n<div class=\"wpb_raw_code wpb_content_element wpb_raw_html\">\n<div class=\"wpb_wrapper\">\n<div class=\"hero-image\">\n<p><img src=\"https:\/\/eldesalarms.com\/wp-content\/uploads\/2015\/06\/esim4-main-photo.jpg\" \/><\/p>\n<div class=\"feature-item\">Battery powered: up to 2 years of battery time<\/div>\n<div class=\"feature-item\">10 phone users<\/div>\n<div class=\"feature-item line-left\">Standalone alarm panel with ARM\/DISARM function<\/div>\n<div class=\"feature-item line-left\">Supports 8 digital temperature sensors<\/div>\n<div><\/div>\n<div class=\"social-block\"><\/div>\n<\/div>\n<\/div>\n<\/div>\n<\/div>\n<\/div>\n<\/div>\n<\/div>\n<\/div>\n<\/div>\n<\/div>\n<\/div>\n<div id=\"certificates\" class=\"vc_row wpb_row vc_row-fluid\">\n<div class=\"wpb_column vc_column_container vc_col-sm-12\">\n<div class=\"vc_column-inner \">\n<div class=\"wpb_wrapper\">\n<div class=\"vc_row wpb_row vc_inner vc_row-fluid\">\n<div class=\"wpb_column vc_column_container vc_col-sm-12\">\n<div class=\"vc_column-inner \">\n<div class=\"wpb_wrapper\">\n<div class=\"wpb_text_column wpb_content_element \">\n<div class=\"wpb_wrapper\">\n<h2><strong>Certifications<\/strong><\/h2>\n<div class=\"certifications\"><img loading=\"lazy\" class=\"size-full\" src=\"https:\/\/eldesalarms.com\/wp-content\/uploads\/2015\/09\/certificates-ce1383-121x121.png\" alt=\"certificates-ce1383-121x121\" width=\"121\" height=\"121\" \/><\/div>\n<\/div>\n<\/div>\n<\/div>\n<\/div>\n<\/div>\n<\/div>\n<div class=\"vc_row wpb_row vc_inner vc_row-fluid print-hidden\"><\/div>\n<div><\/div>\n<\/div>\n<\/div>\n<\/div>\n<\/div>\n<div id=\"whatisit\" class=\"vc_row wpb_row vc_row-fluid image-block-right\">\n<div class=\"wpb_column vc_column_container vc_col-sm-12\">\n<div class=\"vc_column-inner \">\n<div class=\"wpb_wrapper\">\n<div class=\"vc_row wpb_row vc_inner vc_row-fluid\">\n<div class=\"wpb_column vc_column_container vc_col-sm-8\">\n<div class=\"vc_column-inner \">\n<div class=\"wpb_wrapper\">\n<div class=\"wpb_text_column wpb_content_element \">\n<div class=\"wpb_wrapper\">\n<h2><strong>What is ESIM4?<\/strong><\/h2>\n<p>IP65, battery powered standalone GSM intrusion alarm panel.\u00a0The device is fully autonomous and does not require any additional power sources.<\/p>\n<\/div>\n<\/div>\n<\/div>\n<\/div>\n<\/div>\n<div class=\"wpb_column vc_column_container vc_col-sm-4\">\n<div class=\"vc_column-inner vc_custom_1434120065720\">\n<div class=\"wpb_wrapper\">\n<div class=\"wpb_single_image wpb_content_element vc_align_left vc_custom_1441053532474 print-hidden\">\n<figure class=\"wpb_wrapper vc_figure\">\n<div class=\"vc_single_image-wrapper vc_box_border_grey\"><img loading=\"lazy\" class=\"vc_single_image-img attachment-full\" src=\"https:\/\/eldesalarms.com\/wp-content\/uploads\/2015\/06\/esim4-small-photo.jpg\" alt=\"\" width=\"272\" height=\"220\" \/><\/div>\n<\/figure>\n<\/div>\n<\/div>\n<\/div>\n<\/div>\n<\/div>\n<div class=\"vc_row wpb_row vc_inner vc_row-fluid\"><\/div>\n<\/div>\n<\/div>\n<\/div>\n<\/div>\n<div id=\"whatitdoes\" class=\"vc_row wpb_row vc_row-fluid product-details block-padding\">\n<div class=\"wpb_column vc_column_container vc_col-sm-12\">\n<div class=\"vc_column-inner \">\n<div class=\"wpb_wrapper\">\n<div class=\"vc_row wpb_row vc_inner vc_row-fluid\">\n<div class=\"wpb_column vc_column_container vc_col-sm-12\">\n<div class=\"vc_column-inner \">\n<div class=\"wpb_wrapper\">\n<div class=\"wpb_text_column wpb_content_element \">\n<div class=\"wpb_wrapper\">\n<h2><strong>How ESIM4 works?<\/strong><\/h2>\n<p class=\"p1\">ESIM4 is a talented sleeper. This is to save power. However, ESIM4 will wake up in the folowing cases: scheduled event, vibration\/motion sensed, state changes, to get your command or new configuration.<\/p>\n<p class=\"p1\">Its intelligent power\u00a0saving techniques extends \u00a0battery lifetime \u2013 it should last approximately 2 years, depending on usage. Also\u00a0ESIM4 can check inputs, status, feed auxiliary terminal, in case your sensors need power, measure sensor data and will call\/text up to 10 users. ESIM4 is able to gather temperature from\u00a0up to 8 temperature sensors and\u00a0has microphone connector in case client needs audio confirmation.<\/p>\n<\/div>\n<\/div>\n<\/div>\n<\/div>\n<\/div>\n<\/div>\n<\/div>\n<\/div>\n<\/div>\n<\/div>\n<div id=\"related-products\" class=\"vc_row wpb_row vc_row-fluid products-list related print-hidden\"><\/div>\n<div id=\"examples\" class=\"vc_row wpb_row vc_row-fluid product-usage\">\n<div class=\"wpb_column vc_column_container vc_col-sm-12\">\n<div class=\"vc_column-inner \">\n<div class=\"wpb_wrapper\">\n<div class=\"vc_row wpb_row vc_inner vc_row-fluid\">\n<div class=\"wpb_column vc_column_container vc_col-sm-12\">\n<div class=\"vc_column-inner \">\n<div class=\"wpb_wrapper\">\n<div class=\"wpb_text_column wpb_content_element \">\n<div class=\"wpb_wrapper\">\n<h2><strong>\u00a0Where to use ESIM4?<\/strong><\/h2>\n<\/div>\n<\/div>\n<div class=\"vc_empty_space\"><\/div>\n<\/div>\n<\/div>\n<\/div>\n<\/div>\n<div class=\"vc_row wpb_row vc_inner vc_row-fluid\">\n<div class=\"wpb_column vc_column_container vc_col-sm-2\">\n<div class=\"vc_column-inner \">\n<div class=\"wpb_wrapper\">\n<div class=\"smicon-component wpb_animate_when_almost_visible wpb_top-to-bottom animate-element wpb_start_animation\">\n<div class=\"smicon-box icon-top sm-icon-normal\">\n<div class=\"smicon-icon\"><img class=\" smicon-box-icon \" src=\"https:\/\/eldesalarms.com\/wp-content\/uploads\/2015\/06\/garage-alarm-50x50.png\" \/><\/div>\n<div class=\"smicon-header\">\n<h3 class=\"smicon-title\">Intrusion alarm panel<\/h3>\n<\/div>\n<\/div>\n<\/div>\n<\/div>\n<\/div>\n<\/div>\n<div class=\"wpb_column vc_column_container vc_col-sm-2\">\n<div class=\"vc_column-inner \">\n<div class=\"wpb_wrapper\">\n<div class=\"smicon-component wpb_animate_when_almost_visible wpb_top-to-bottom animate-element wpb_start_animation\">\n<div class=\"smicon-box icon-top sm-icon-normal\">\n<div class=\"smicon-icon\"><img class=\" smicon-box-icon \" src=\"https:\/\/eldesalarms.com\/wp-content\/uploads\/2015\/06\/solar-panel-50x50.png\" \/><\/div>\n<div class=\"smicon-header\">\n<h3 class=\"smicon-title\">Solar, wind energy plants<\/h3>\n<\/div>\n<\/div>\n<\/div>\n<\/div>\n<\/div>\n<\/div>\n<div class=\"wpb_column vc_column_container vc_col-sm-2\">\n<div class=\"vc_column-inner \">\n<div class=\"wpb_wrapper\">\n<div class=\"smicon-component wpb_animate_when_almost_visible wpb_top-to-bottom animate-element wpb_start_animation\">\n<div class=\"smicon-box icon-top sm-icon-normal\">\n<div class=\"smicon-icon\"><img class=\" smicon-box-icon \" src=\"https:\/\/eldesalarms.com\/wp-content\/uploads\/2015\/06\/worker-50x50.png\" \/><\/div>\n<div class=\"smicon-header\">\n<h3 class=\"smicon-title\">Remote construction sites, garages, containers<\/h3>\n<\/div>\n<\/div>\n<\/div>\n<\/div>\n<\/div>\n<\/div>\n<div class=\"wpb_column vc_column_container vc_col-sm-2\">\n<div class=\"vc_column-inner \">\n<div class=\"wpb_wrapper\">\n<div class=\"smicon-component wpb_animate_when_almost_visible wpb_top-to-bottom animate-element wpb_start_animation\">\n<div class=\"smicon-box icon-top sm-icon-normal\">\n<div class=\"smicon-icon\"><img class=\" smicon-box-icon \" src=\"https:\/\/eldesalarms.com\/wp-content\/uploads\/2015\/06\/mountain-50x50.png\" \/><\/div>\n<div class=\"smicon-header\">\n<h3 class=\"smicon-title\">Sensor data monitoring at remote areas<\/h3>\n<\/div>\n<\/div>\n<\/div>\n<\/div>\n<\/div>\n<\/div>\n<div class=\"wpb_column vc_column_container vc_col-sm-2\">\n<div class=\"vc_column-inner \">\n<div class=\"wpb_wrapper\">\n<div class=\"smicon-component wpb_animate_when_almost_visible wpb_top-to-bottom animate-element wpb_start_animation\">\n<div class=\"smicon-box icon-top sm-icon-normal\">\n<div class=\"smicon-icon\"><img class=\" smicon-box-icon \" src=\"https:\/\/eldesalarms.com\/wp-content\/uploads\/2015\/06\/temperature-50x50.png\" \/><\/div>\n<div class=\"smicon-header\">\n<h3 class=\"smicon-title\">Temperature\/status monitoring<\/h3>\n<\/div>\n<\/div>\n<\/div>\n<\/div>\n<\/div>\n<\/div>\n<div class=\"print-hidden wpb_column vc_column_container vc_col-sm-2\">\n<div class=\"vc_column-inner \">\n<div class=\"wpb_wrapper\">\n<div class=\"smicon-component wpb_animate_when_almost_visible wpb_top-to-bottom animate-element wpb_start_animation\">\n<div class=\"smicon-box icon-top sm-icon-normal\">\n<div class=\"smicon-icon\"><img class=\" smicon-box-icon \" src=\"https:\/\/eldesalarms.com\/wp-content\/uploads\/2015\/06\/truck-50x50.png\" \/><\/div>\n<div class=\"smicon-header\">\n<h3 class=\"smicon-title\">Standalone stealth alarm solutions<\/h3>\n<\/div>\n<p>&nbsp;<\/p>\n<\/div>\n<\/div>\n<\/div>\n<\/div>\n<\/div>\n<\/div>\n<\/div>\n<\/div>\n<\/div>\n<\/div>\n<div id=\"features\" class=\"vc_row wpb_row vc_row-fluid\">\n<div class=\"wpb_column vc_column_container vc_col-sm-12\">\n<div class=\"vc_column-inner \">\n<div class=\"wpb_wrapper\">\n<div class=\"vc_row wpb_row vc_inner vc_row-fluid\">\n<div class=\"wpb_column vc_column_container vc_col-sm-12\">\n<div class=\"vc_column-inner \">\n<div class=\"wpb_wrapper\">\n<div class=\"wpb_text_column wpb_content_element \">\n<div class=\"wpb_wrapper\">\n<h2><strong>Main features<\/strong><\/h2>\n<\/div>\n<\/div>\n<div class=\"vc_empty_space\"><\/div>\n<div class=\"wpb_text_column wpb_content_element styled-list\">\n<div class=\"wpb_wrapper\">\n<ul>\n<li>10 users<\/li>\n<li>2 years of battery time<\/li>\n<li>2 inputs (4 in ATZ mode)<\/li>\n<li>1 open collector 200mA 30V output<\/li>\n<li>1 aux terminal (12V, 200mA)<\/li>\n<li>Connect Analog sensors (4..24mA)<\/li>\n<li>Connect Discrete\u00a0sensors (0..3V)<\/li>\n<li>Configuration SMS or USB<\/li>\n<li>Arm\/Disarm via Touch Memory interface\/SMS<\/li>\n<\/ul>\n<\/div>\n<\/div>\n<\/div>\n<\/div>\n<\/div>\n<\/div>\n<\/div>\n<\/div>\n<\/div>\n<\/div>\n<div id=\"firmware\" class=\"vc_row wpb_row vc_row-fluid product-manuals\"><\/div>\n<div id=\"video-tutorials\" class=\"vc_row wpb_row vc_row-fluid\">\n<div class=\"wpb_column vc_column_container vc_col-sm-12\">\n<div class=\"vc_column-inner \">\n<div class=\"wpb_wrapper\">\n<div class=\"vc_row wpb_row vc_inner vc_row-fluid\">\n<div class=\"wpb_column vc_column_container vc_col-sm-12\">\n<div class=\"vc_column-inner \">\n<div class=\"wpb_wrapper\">\n<div class=\"wpb_text_column wpb_content_element \"><\/div>\n<div class=\"wpb_text_column wpb_content_element \">\n<div class=\"wpb_wrapper\">\n<div id=\"new-royalslider-5\" class=\"royalSlider new-royalslider-5 rsDefaultInv rs-image-gallery rsHor rsWithThumbs rsWithThumbsHor\">\n<div class=\"rsOverflow grab-cursor\">\n<div class=\"rsContainer\">\n<div class=\"rsSlide \"><\/div>\n<div class=\"rsSlide \">\n<div class=\"rsPreloader\"><\/div>\n<div class=\"rsContent\">\n<div class=\"rsVideoContainer\">\n<div class=\"rsBtnCenterer\"><span style=\"font-size: 1rem;\">\u00a0<\/span><\/div>\n<\/div>\n<\/div>\n<\/div>\n<div class=\"rsSlide \">\n<div class=\"rsContent\">\n<div class=\"rsVideoContainer\">\n<div class=\"rsBtnCenterer\"><strong>\u00a0<span style=\"color: #666666; font-size: 1.25rem;\">Specifications<\/span><\/strong><\/div>\n<\/div>\n<\/div>\n<\/div>\n<\/div>\n<\/div>\n<\/div>\n<\/div>\n<\/div>\n<\/div>\n<\/div>\n<\/div>\n<\/div>\n<\/div>\n<\/div>\n<\/div>\n<\/div>\n<div id=\"specifications\" class=\"vc_row wpb_row vc_row-fluid specifications-block small\">\n<div class=\"wpb_column vc_column_container vc_col-sm-12\">\n<div class=\"vc_column-inner \">\n<div class=\"wpb_wrapper\">\n<div class=\"vc_row wpb_row vc_inner vc_row-fluid\">\n<div class=\"wpb_column vc_column_container vc_col-sm-12\">\n<div class=\"vc_column-inner \">\n<div class=\"wpb_wrapper\">\n<div class=\"wpb_vc_table wpb_content_element spec-table spec-table\">\n<table>\n<tbody>\n<tr class=\"vc-th\">\n<td class=\"vc_table_cell\"><span class=\"vc_table_content\">Battery type<\/span><\/td>\n<td class=\"vc_table_cell\"><span class=\"vc_table_content\">1.5 V Lithium AA type batteries<\/span><\/td>\n<\/tr>\n<tr>\n<td class=\"vc_table_cell\"><span class=\"vc_table_content\">Number of batteries<\/span><\/td>\n<td class=\"vc_table_cell\"><span class=\"vc_table_content\">4<\/span><\/td>\n<\/tr>\n<tr>\n<td class=\"vc_table_cell\"><span class=\"vc_table_content\">Current used in Sleep mode<\/span><\/td>\n<td class=\"vc_table_cell\"><span class=\"vc_table_content\">30\u03bcAmax<\/span><\/td>\n<\/tr>\n<tr>\n<td class=\"vc_table_cell\"><span class=\"vc_table_content\">GSM modem frequency<\/span><\/td>\n<td class=\"vc_table_cell\"><span class=\"vc_table_content\">ESIM4 &#8211; 900\/1800 Mhz; ESIM4 Q &#8211; 850\/900\/1800\/1900 MHz<\/span><\/td>\n<\/tr>\n<tr>\n<td class=\"vc_table_cell\"><span class=\"vc_table_content\">Number of inputs<\/span><\/td>\n<td class=\"vc_table_cell\"><span class=\"vc_table_content\">2<\/span><\/td>\n<\/tr>\n<tr>\n<td class=\"vc_table_cell\"><span class=\"vc_table_content\">Digital input value range<\/span><\/td>\n<td class=\"vc_table_cell\"><span class=\"vc_table_content\">0\u2026 3000mV<\/span><\/td>\n<\/tr>\n<tr>\n<td class=\"vc_table_cell\"><span class=\"vc_table_content\">Analog input value range<\/span><\/td>\n<td class=\"vc_table_cell\"><span class=\"vc_table_content\">0\u2026 24mA<\/span><\/td>\n<\/tr>\n<tr>\n<td class=\"vc_table_cell\"><span class=\"vc_table_content\">Impulse duration<\/span><\/td>\n<td class=\"vc_table_cell\"><span class=\"vc_table_content\">&gt;600ms<\/span><\/td>\n<\/tr>\n<tr>\n<td class=\"vc_table_cell\"><span class=\"vc_table_content\">Number of auxiliary terminals<\/span><\/td>\n<td class=\"vc_table_cell\"><span class=\"vc_table_content\">1<\/span><\/td>\n<\/tr>\n<tr>\n<td class=\"vc_table_cell\"><span class=\"vc_table_content\">Auxiliary output values<\/span><\/td>\n<td class=\"vc_table_cell\"><span class=\"vc_table_content\">12V 200mA max<\/span><\/td>\n<\/tr>\n<tr>\n<td class=\"vc_table_cell\"><span class=\"vc_table_content\">Maximum supported number of temperature sensors<\/span><\/td>\n<td class=\"vc_table_cell\"><span class=\"vc_table_content\">8<\/span><\/td>\n<\/tr>\n<tr>\n<td class=\"vc_table_cell\"><span class=\"vc_table_content\">Number of outputs<\/span><\/td>\n<td class=\"vc_table_cell\"><span class=\"vc_table_content\">1<\/span><\/td>\n<\/tr>\n<tr>\n<td class=\"vc_table_cell\"><span class=\"vc_table_content\">Output circuit Open collector output. Output is pulled to COM when enabled.<\/span><\/td>\n<td class=\"vc_table_cell\"><span class=\"vc_table_content\">1 R OUT<\/span><\/td>\n<\/tr>\n<tr>\n<td class=\"vc_table_cell\"><span class=\"vc_table_content\">Output current<\/span><\/td>\n<td class=\"vc_table_cell\"><span class=\"vc_table_content\">200mA max<\/span><\/td>\n<\/tr>\n<tr>\n<td class=\"vc_table_cell\"><span class=\"vc_table_content\">Supported temperature sensor model<\/span><\/td>\n<td class=\"vc_table_cell\"><span class=\"vc_table_content\">Maxim\u00ae\/Dallas\u00ae DS18S20, DS18B20<\/span><\/td>\n<\/tr>\n<tr>\n<td class=\"vc_table_cell\"><span class=\"vc_table_content\">Supported iButton key model<\/span><\/td>\n<td class=\"vc_table_cell\"><span class=\"vc_table_content\">Maxim\u00ae\/Dallas\u00ae DS1990A<\/span><\/td>\n<\/tr>\n<tr>\n<td class=\"vc_table_cell\"><span class=\"vc_table_content\">Dimensions<\/span><\/td>\n<td class=\"vc_table_cell\"><span class=\"vc_table_content\">115\u00d790\u00d756mm (4.53\u00d73.54\u00d72.20in)<\/span><\/td>\n<\/tr>\n<tr>\n<td class=\"vc_table_cell\"><span class=\"vc_table_content\">Enclosure rating<\/span><\/td>\n<td class=\"vc_table_cell\"><span class=\"vc_table_content\">IP 65<\/span><\/td>\n<\/tr>\n<tr>\n<td class=\"vc_table_cell\"><span class=\"vc_table_content\">Operating temperature range<\/span><\/td>\n<td class=\"vc_table_cell\"><span class=\"vc_table_content\">-20\u2026+50\u00b0C (-30\u2026+55\u00b0C with limitations (-4\u2026 +122\u00b0F (-22\u2026 +131\u00b0F with limitations))<\/span><\/td>\n<\/tr>\n<tr>\n<td class=\"vc_table_cell\"><span class=\"vc_table_content\">Humidity<\/span><\/td>\n<td class=\"vc_table_cell\"><span class=\"vc_table_content\">0-90% RH @ 0\u2026+40\u00b0C (0-90% RH @ +32\u2026+104\u00b0F) (non-condensing)<\/span><\/td>\n<\/tr>\n<\/tbody>\n<\/table>\n<\/div>\n<\/div>\n<\/div>\n<\/div>\n<\/div>\n<\/div>\n<\/div>\n<\/div>\n<\/div>\n","protected":false},"excerpt":{"rendered":"<p>Battery powered GSM intrusion control panel ESIM4 \u00a0eldesalarms_com_product_esim4 (1) Perfect for those places where power is an issue Battery powered: up to 2 years of battery time 10 phone users Standalone alarm panel with ARM\/DISARM function Supports 8 digital temperature sensors Certifications What is ESIM4? IP65, battery powered standalone GSM intrusion alarm panel.\u00a0The device is &hellip; <\/p>\n<p class=\"link-more\"><a href=\"https:\/\/www.hellasguard.gr\/?page_id=671\" class=\"more-link\">Continue reading<span class=\"screen-reader-text\"> &#8220;ESIM4 &#8211; battery powered GSM intrusion control panel&#8221;<\/span><\/a><\/p>\n","protected":false},"author":1,"featured_media":0,"parent":0,"menu_order":0,"comment_status":"closed","ping_status":"closed","template":"","meta":[],"_links":{"self":[{"href":"https:\/\/www.hellasguard.gr\/index.php?rest_route=\/wp\/v2\/pages\/671"}],"collection":[{"href":"https:\/\/www.hellasguard.gr\/index.php?rest_route=\/wp\/v2\/pages"}],"about":[{"href":"https:\/\/www.hellasguard.gr\/index.php?rest_route=\/wp\/v2\/types\/page"}],"author":[{"embeddable":true,"href":"https:\/\/www.hellasguard.gr\/index.php?rest_route=\/wp\/v2\/users\/1"}],"replies":[{"embeddable":true,"href":"https:\/\/www.hellasguard.gr\/index.php?rest_route=%2Fwp%2Fv2%2Fcomments&post=671"}],"version-history":[{"count":4,"href":"https:\/\/www.hellasguard.gr\/index.php?rest_route=\/wp\/v2\/pages\/671\/revisions"}],"predecessor-version":[{"id":1155,"href":"https:\/\/www.hellasguard.gr\/index.php?rest_route=\/wp\/v2\/pages\/671\/revisions\/1155"}],"wp:attachment":[{"href":"https:\/\/www.hellasguard.gr\/index.php?rest_route=%2Fwp%2Fv2%2Fmedia&parent=671"}],"curies":[{"name":"wp","href":"https:\/\/api.w.org\/{rel}","templated":true}]}}